 + 64 = 23*q. List the prime factors of q.
2
Let f = -2989 + 4799. What are the prime factors of f?
2, 5, 181
List the prime factors of 7967/7 - (80/70 - 1).
2, 569
Let g(j) = j**2 - 2*j - 4. Suppose -5*n - 12 = 13. Let c be g(n). Suppose 2*s - 8 = 0, 83 - c = 4*b + 2*s. What are the prime factors of b?
11
Let l(g) = 2*g - 7. Let y = -16 + 21. What are the prime factors of l(y)?
3
Let l be (71 + -2)*(-18)/27. Let i = l - -92. What are the prime factors of i?
2, 23
Let t(q) be the first derivative of q**3/3 + 3*q**2 + 3*q + 1. Suppose 4*p = p, -u - 6 = p. List the prime factors of t(u).
3
Let a = 963 + -438. List the prime factors of a.
3, 5, 7
Let v(u) = 3*u**2 + 27*u + 8. Let f(q) = 5*q**2 + 41*q + 12. Let d(b) = -5*f(b) + 8*v(b). What are the prime factors of d(5)?
2, 17
Let r = -192 - -311. Let b = r - 115. What are the prime factors of b?
2
Let n(a) = 3*a**2 - 1. Let w be n(-1). Suppose -291 = w*j + 65. Let h = -101 - j. List the prime factors of h.
7, 11
Let u be (18/45)/((-4)/(-50)). Suppose -5*q + q + 320 = 4*l, -u*q + 2*l + 421 = 0. List the prime factors of q.
83
Suppose 305*g + 15663 = 308*g. List the prime factors of g.
23, 227
Suppose -5*f + 405 = -4*o, 10*f = 12*f - 4*o - 162. What are the prime factors of f?
3
Let u = 3533 - 2404. What are the prime factors of u?
1129
Let l(b) = -b + 1. Let q be l(7). Let r = q + 9. Suppose -r*c = -23 - 52. List the prime factors of c.
5
Let u = 310 + -190. Suppose 6*d - 4*d = -u. Let q = d - -111. List the prime factors of q.
3, 17
Suppose 1567 = 2*r - 2*u - 4185, 8643 = 3*r - 6*u. List the prime factors of r.
3, 11, 29
What are the prime factors of 142 - (-15)/(3 - 6)?
137
Let r = -134 + 77. Let u = r + 94. What are the prime factors of u?
37
Let x = -369 - -388. What are the prime factors of x?
19
Let i = -6 + 6. Suppose u - 6 = -2*x, i = 6*x - x - 5*u - 30. Suppose 2*g + v = -0*v + 36, 4*g = x*v + 48. What are the prime factors of g?
2
Suppose -o = 5*c - 5*o - 10, -3*c + 3*o + 6 = 0. Suppose 0 = 3*h + c*h - 20. Suppose -2*p - h*a = -0*a - 24, 5*a = 5. What are the prime factors of p?
2, 5
Let u be (4/(-3))/(18/(-54)) - -7. Let s(a) = 2*a**2 - 16*a - 6. What are the prime factors of s(u)?
2, 3, 5
Suppose -1453*l + 1455*l - 2644 = 0. What are the prime factors of l?
2, 661
Let x(k) be the third derivative of -3*k**2 + 1/3*k**4 - k**3 + 0*k + 0. List the prime factors of x(4).
2, 13
Let i(v) = -588*v**3 - 3*v**2 + 27*v + 54. List the prime factors of i(-2).
2, 3, 17, 23
Suppose 16*c - 1860 = 2652. What are the prime factors of c?
2, 3, 47
Let m = 1927 - 986. What are the prime factors of m?
941
Suppose -m + 0*m = -4*w + 17, 20 = 5*m + w. Let k = 12 - 8. Suppose k*t = -m*n + 24, -3*t + 4 = -n - 1. What are the prime factors of n?
2
Let m be 10 - (36/(-44) + 6/(-33)). List the prime factors of (51/(-2))/(1 + m/(-8)).
2, 17
List the prime factors of ((-34)/8)/((4 - 8)/176).
11, 17
Suppose -28*t + 360 = -24*t. Let i = t - 31. List the prime factors of i.
59
What are the prime factors of (2 - 834/4)/((-20)/120)?
3, 7, 59
Suppose 3366 = 5*l - 3999. List the prime factors of l.
3, 491
Suppose -j = 3*y + 10, 3*y - 3*j - 9 = 5*y. Let w be (-151)/y + 10/(-30). Let v = w - 27. What are the prime factors of v?
23
Let h(o) = 262*o**3 - o**2 + 3*o - 2. Let u be h(1). Let b = 388 - u. List the prime factors of b.
2, 3, 7
Let i be (2 + 22)/(-6 + 7). What are the prime factors of ((-8)/i)/((-1)/(-3)) + 103?
2, 3, 17
Let b = 36 - 38. What are the prime factors of (1/b)/((1/(-1))/106)?
53
Suppose 10 - 4 = 2*v + d, -5*v - 2*d + 16 = 0. Suppose 3*o = 1 - 4, 4*o = -v*x + 216. What are the prime factors of x?
5, 11
Let x(d) = d**2 + 15*d - 18. What are the prime factors of x(24)?
2, 3, 17
Let f = 41 + -21. Suppose 0 = 3*i + 22 + f. Let n = -12 - i. What are the prime factors of n?
2
Let h(g) be the first derivative of 13*g**2/2 + 6*g + 2. List the prime factors of h(3).
3, 5
Let b(r) = -r**3 + 4*r**2 - 4. Let v be 3 + (-1)/(-2)*12. Suppose -3*d = -0 - v. List the prime factors of b(d).
5
Let n be (12/(-24))/(-1*2/124). Suppose -5*z + n + 139 = 0. What are the prime factors of z?
2, 17
Let d(i) = 8*i**2 - 2*i + 3. Let n = 33 - 31. Suppose n*w - 8 = 2*y, -5*y = 2*w - 3*y. List the prime factors of d(w).
31
Let n be -1*(0 + -2) + 58. Suppose 2*a + 2*x - n = -0*a, 102 = 4*a - 2*x. What are the prime factors of a?
3
Suppose 0 = 6*d - 35*d + 15457. What are the prime factors of d?
13, 41
Let q(v) = 5*v**2 + 8*v - 5. List the prime factors of q(-24).
2683
Let c(y) = -11*y**2 + 10*y + 328. Let z(k) = -7*k**2 + 7*k + 219. Let o(g) = -5*c(g) + 8*z(g). List the prime factors of o(0).
2, 7
Let z(t) = 8 + 7 + 2*t**2 + t - 6*t. What are the prime factors of z(6)?
3, 19
Suppose 3*y = -5*b + 11069, -4*y + 4572 + 10245 = -5*b. What are the prime factors of y?
2, 43
Let k = -32 - -58. Suppose 2*x - k = -0*x + 4*z, 8 = -4*x - 4*z. Let p(h) = 2*h**2 + 4*h - 2. What are the prime factors of p(x)?
2, 7
Suppose -5*r = -4*d + 519, 8*r - 3*d = 4*r - 415. Let h = 142 - r. List the prime factors of h.
5, 7
Suppose -18*d + 42990 = 12*d. List the prime factors of d.
1433
Let v(o) = 3*o**3 - 9*o**2 + 4*o + 4. Let m(t) = t**2 + t - 16. Let c be m(4). List the prime factors of v(c).
2, 17
List the prime factors of (43028/310)/(1/15).
2, 3, 347
Suppose -4*y + 2*x + 2*x = 4, -3*x = -y + 3. Let w = y + 71. List the prime factors of w.
2, 17
Suppose -3310 = 2*u - 7*u - 5*q, 5*q - 670 = -u. Suppose 0*m + u = 3*m. Suppose p - m = -5*z, z - 4*z + 3*p + 114 = 0. What are the prime factors of z?
43
Let h = -385 - -526. List the prime factors of h.
3, 47
Let i = -605 - -935. List the prime factors of i.
2, 3, 5, 11
Suppose 2*d + 4*w = 2*w - 366, 3*d + 519 = 3*w. List the prime factors of ((0 - 4 - d) + -4)*1.
2, 5, 17
Let n(u) be the first derivative of 43*u**2/2 - u + 47. Suppose -4*f + 1 = -3*f. List the prime factors of n(f).
2, 3, 7
Let a(g) = -5*g**3. Let m be a(-1). Suppose 3*r - 4*o = -55, -r - m*o + 25 = -3*r. Let f = 9 - r. List the prime factors of f.
2, 17
Let z = -30 - -30. Suppose 10*v - 12*v + 254 = z. What are the prime factors of v?
127
Suppose 0 = 4*o + 165 - 685. Suppose o = -20*p + 21*p. What are the prime factors of p?
2, 5, 13
Suppose -6417 = 123*m - 132*m. What are the prime factors of m?
23, 31
Suppose 1824 = 18*g - 3036. List the prime factors of g.
2, 3, 5
Let s = -3459 + 4926. List the prime factors of s.
3, 163
Let c(k) = -2*k - 5. Let g be c(-5). Suppose g*w + 0 = -2*n - 7, -5*w = 5*n + 25. What are the prime factors of (4/n)/((-6)/171)?
19
Suppose -9*p = -5*p + 2*q - 502, p + 3*q - 128 = 0. What are the prime factors of p?
5
Let u(l) = -14*l - 2. Let s be u(-2). Suppose -4*v = -46 - s. What are the prime factors of v?
2, 3
Let q = 124 - -8. Let m = -48 + q. List the prime factors of m.
2, 3, 7
Let n(i) = -4*i**2 - 3 + 2*i**2 + 3*i**2 - 2*i**2 + 5*i. Let p be n(3). Suppose -19 = -5*v - 5*q + 166, -p*v + 2*q + 86 = 0. List the prime factors of v.
2
Suppose 0 = -3*g - 0*g - 2*f - 317, -f + 323 = -3*g. Let d = -32 + 183. Let h = d + g. List the prime factors of h.
2, 11
Let q(m) = -205*m + 10. Let c be q(-6). List the prime factors of c/44 - 10/55.
2, 7
Let j be (15/20)/(2/784). Suppose 2*r = 4*r - 2*s - j, -r + 3*s + 141 = 0. List the prime factors of r.
2, 3, 5
Suppose -4*k + 67 = -5. Suppose -13*b + k*b - 615 = 0. What are the prime factors of b?
3, 41
Suppose -x + d = 2*x - 948, -2*x + d = -632. What are the prime factors of x/8 + (-1 - 4/(-8))?
3, 13
Suppose 456 + 1528 = 8*f. Suppose f = 5*c - 2*a - 272, 5*c - 4*a - 520 = 0. What are the prime factors of c?
2, 13
Let r = 16 - -33. Let a = -84 + 55. Let d = a + r. What are the prime factors of d?
2, 5
Let g(s) = 626*s + 47. List the prime factors of g(2).
3, 433
List the prime factors of ((-1214250)/(-20))/(-25)*-2.
3, 1619
Let f = 126 - -83. List the prime factors of f.
11, 19
Suppose 2*n - 5*n = 2*q - 11, 0 = 2*q - 2. Let f be (55/10)/(n/6). Suppose d = 9 + f. List the prime factors of d.
2, 5
Suppose 6*j - 7*j = 2*f - 3993, 15 = -3*j. What are the prime factors of f?
1999
Let u(y) = y**3 + 23*y**2 + 18*y - 30. Let f(p) = -p**3 - 24*p**2 - 19*p + 29. Let r(q) = 3*f(q) + 4*u(q). What are the prime factors of r(-19)?
43
Let r(f) = -f**3 - f**2 - 3*f + 914. List the prime fact